*2 - 22 + a**2 - 9 - 11*a. What is m(b)?
-5
Let s be 4724/(-25982) + (-158)/(-22). Let r(p) be the second derivative of -p**5/20 + p**4/2 + 4*p**3/3 - p. Give r(s).
7
Let x(t) = t + 1 - 8 + 0*t. Let n = -161 - -171. Suppose -15*o + n*o = -25. Calculate x(o).
-2
Let q(s) = 12*s - 41. Let o be q(11). Let z(u) = -260 + o + 83 - 3*u + 85. What is z(-1)?
2
Let n(s) = -343*s**3 + 2*s**2 + 4*s + 5. Let i(p) = -629*p**3 + 5*p**2 + 9*p + 11. Let y(j) = -6*i(j) + 11*n(j). Let h = 19 - 10. Calculate y(h).
-20
Let j(b) = -b**3 + b - 9. Suppose -d - 5*y + 810 = 0, -5*d + 4*y + 2344 = -1793. Suppose 830*q = d*q. Calculate j(q).
-9
Let p(c) = -8*c**3 + 27*c**2 - 28*c + 58. Let j(t) = -3*t**3 + 9*t**2 - 10*t + 21. Let s(o) = 11*j(o) - 4*p(o). Determine s(-9).
-19
Let v(z) = -4*z + 13. Let l = 8777 - 8774. What is v(l)?
1
Let x(u) = 834*u + 9. Let j(r) = -385*r - 4. Let n(c) = -13*j(c) - 6*x(c). Give n(9).
7
Let k(c) be the first derivative of 103 + 1/2*c**2 + 20*c. Calculate k(-11).
9
Let v(l) = -2*l + 15. Suppose w = -3*u + 18, 12*w - 13*w + 16 = 2*u. Calculate v(w).
-9
Let k(p) = -9*p**3 - p**2 + p. Suppose 5*a = -6*l + 39 - 20, 5*a + 4*l = 11. What is k(a)?
7
Suppose w + 162*c - 161*c = -30, w + 2*c + 32 = 0. Let z(b) = b**3 + 26*b**2 - 58*b - 53. Give z(w).
3
Let v(f) be the second derivative of f**6/360 + 7*f**5/60 + 5*f**4/8 + 43*f**3/6 - 72*f. Let n(h) be the second derivative of v(h). Calculate n(-13).
2
Let f be (-434)/(-49) - 3/(-21). Let h(a) = -a - 1 + 3 - 5 - f. Let d be h(-9). Let m(k) = 2*k**3 + 5*k**2 + 2*k - 1. What is m(d)?
-16
Let k(r) = -34*r - 17. Let h(l) = 76*l + 36. Let f(s) = -4*h(s) - 9*k(s). Determine f(13).
35
Let i(k) = -167627*k - 10*k**2 - k**3 - 11 + 3*k**3 - 2 + 167608*k. Determine i(7).
50
Let z(n) = -2*n**3 + 11*n + 1. Let r(s) = -7*s**3 + 8*s**2 + 80*s + 17. Let j(i) = -r(i) + 3*z(i). Give j(12).
-2
Let f(z) = -z**2 + 8*z + 27. Let n(m) = -47*m**2 - 191*m - 1. Let c be n(-4). Calculate f(c).
-6
Suppose -92*f - 511 = 869. Let y(i) = 7*i + 29. Determine y(f).
-76
Let y(j) = -3*j**2 + j - 1. Let g(r) = -r**2 + 15*r - 57. Let t be g(8). Calculate y(t).
-5
Let w(s) = -5*s**3 - 5*s**2 + 6*s - 4. Let v(a) = 5 - 21*a + 25*a + 6*a**3 - 10*a + 5*a**2. Let u(k) = -4*v(k) - 5*w(k). What is u(-6)?
0
Let z(j) = -2 - 7637*j**2 + 6 - 3 - 12*j + 7636*j**2. Let t(p) = 2. Let g(y) = -2*t(y) + z(y). Give g(-9).
24
Let i(r) = 2*r - r**2 + 20*r + 14 + 25 - 11 + 10. What is i(23)?
15
Let t(w) be the first derivative of w**4/2 - 19*w**3/3 - 5*w**2 + 15*w - 8196. Determine t(10).
15
Suppose 0 = -3*r + 1 + 2. Let t be 2/(r + -1 + -1). Let u(j) be the third derivative of -j**5/60 - j**4/8 - j**3/3 + 132*j**2 + 1. Give u(t).
0
Let s(q) = -2*q + 12. Let i(j) = j**2 + 7*j - 21. Let r be i(-10). Let z(o) = -o + 6. Let x(b) = r*z(b) - 4*s(b). Determine x(-5).
11
Let i = -638 - -925. Let q(h) = 3 + 580*h - i*h + h**2 - 298*h. Determine q(2).
-3
Let x be (-5)/250*5 - 459/(-90). Let a(p) = p**3 - 4*p**2 - 8*p + 23. Determine a(x).
8
Let n(i) = -34852*i + i**2 - 26 + 69726*i - 34857*i. Calculate n(-18).
-8
Let s be 78/52 - 366/4. Let c be (-2)/(-5)*14/((-168)/s). Let z(x) = 2*x + 4*x**c - 7*x**3 + 2 + 4*x**3 - x**2 + 4*x**2. Give z(-2).
2
Let o(a) = a**2 + 12*a - 206. Suppose 8226*f = 8247*f + 462. Give o(f).
14
Let i = -36 - -41. Let y be -1*(i + -3 + 13). Let m = -11 - y. Let t(o) = -o**3 + 5*o**2 - 5*o + 2. Give t(m).
-2
Let r(c) = c - 1. Let y be r(-2). Let t(x) = 6*x**2 + 3*x - 6. Let z = 93 + -97. Let f(a) = -5*a**2 - 3*a + 5. Let p(i) = z*f(i) - 3*t(i). Give p(y).
7
Let u(h) = 4230 + 3*h**2 + 0*h - 4237 + 7*h. What is u(4)?
69
Let i be 7 - 1 - (7 + 2). Let o(a) = -5*a - 1. Let p(x) = 8*x + 1. Let v(j) = i*p(j) - 5*o(j). Calculate v(12).
14
Let t(j) = -5*j**2 - 51*j + 37. Suppose 53 = -4*a + 3*f, -f + 110 = 4*a + 151. Give t(a).
-7
Let k(j) = j**3 + 5*j**2 + 8*j + 8. Let b be k(-3). Let f(n) = -5*n + 1 - 2*n + 7 + 0*n + n**b. What is f(6)?
2
Let t = 344 - 316. Suppose t*u - 6 = -202. Let s(z) = z + 4. Calculate s(u).
-3
Let a(q) = 3*q**3 + 2*q**2 - 3*q - 3. Suppose 10 - 58 = 3*c. Let w(s) = -s**3 - 17*s**2 - 15*s - 20. Let b be w(c). Let d = -38 - b. Determine a(d).
-13
Let z(o) = 13*o**2 - 11*o - 8. Let u(b) = -11*b**2 + 13*b + 7. Let t(k) = -6*u(k) - 5*z(k). Give t(23).
-2
Let l(b) = 18 - 4 - 47 - b**2 - 64*b + 9 + 75*b. Give l(11).
-24
Let j(f) = f**2 + 64 + 81 - 4*f - 133. Give j(10).
72
Let c(a) = 152055950*a - 9*a**2 - 152055950*a. Determine c(-3).
-81
Suppose -2*r = 2*p - 16, 32 = 4*r - 2*p - 2*p. Let t(i) be the third derivative of -i**5/60 + i**4/3 - 2*i**3/3 + 642*i**2. What is t(r)?
-4
Suppose -6 + 19 = -u - 5*h, 5*u = 5*h - 35. Let k(r) = r - 30. What is k(u)?
-38
Let i(q) = 3*q + 1. Suppose 3*w = 3*b - 0*b + 345, -460 = 4*b - w. Let d = b - -116. Suppose 0 = 62*r - 63*r + d. Give i(r).
4
Let v(k) be the second derivative of -k**5/20 - 2*k**4/3 - 2*k**3 + 7*k**2 - 17*k + 268. What is v(-4)?
-2
Let t = 90 + -26. Let r = 56 - t. Let f(x) be the second derivative of x**5/20 + 3*x**4/4 + 4*x**3/3 + x**2/2 - 43*x. Give f(r).
1
Let k(n) = 2*n - 1. Let h be -17 + (5 - 4)*-3. Let x(f) = -f**3 - 21*f**2 - 17*f + 58. Let u be x(h). Determine k(u).
-5
Let h(a) = -a**3 - a**2 - 2*a + 3. Let w(d) = 2*d + 32. Let z be 5/(-15) + (-5)/(45/(-102)). Let b be (-91)/6 - z/(-66). Let s be w(b). What is h(s)?
-13
Let n(m) be the first derivative of -3*m**4/4 + 2*m**3 - m**2 + m + 117. Let b(i) = 10*i**3 - 17*i**2 + 6*i - 3. Let q(x) = 4*b(x) + 11*n(x). What is q(1)?
6
Suppose 3*r = -r. Let k = -4 + r. Let u(m) be the third derivative of m**6/120 + m**5/15 - m**4/8 - m**3/3 + m**2 + 15*m. Give u(k).
10
Let z(a) = -4*a + 36. Suppose 223*b + 560 = 251*b. Calculate z(b).
-44
Let z(v) = -v - 24. Let g be z(-24). Let n(k) = -k**2 + 4*k + 5. Let j be n(g). Let y(o) = 5*o - j + 1 - 2*o + 1. Give y(4).
9
Let z(c) = -1 - 2*c + 0*c + 2. Let q = -160040 + 160043. What is z(q)?
-5
Let r(s) = -14*s**3 + 34 - 14*s - 11*s**3 + 7*s**2 + 38*s**3 - 10*s**3 - 5*s**3. Give r(3).
1
Suppose 3*o - 3*m = -0*m - 195, 150 = -2*o - 3*m. Let l = o - -70. Let s(t) = 3*t - 24*t**2 + 4*t + l + 25*t**2 - 5*t. Determine s(-3).
4
Let o be 1/(-4) + 701/4. Suppose -n - 4*n = -o. Let b = 32 - n. Let l(m) = -2*m - 3. What is l(b)?
3
Let j(d) = -2*d. Let t(r) = 2*r. Let h be (60 + (5 - 4))*(0 + 1). Let y = h - 59. Let k(w) = y*j(w) + 3*t(w). Calculate k(-2).
-4
Let j(r) = r - 4 - 4 + 3 - 4 - 3. Give j(-14).
-26
Let z(u) = 8*u + 2. Let h(b) = b**3 + 12*b**2 + 22*b + 21. Let o be h(-10). Let n be z(o). Let g(f) = -3*f + 28 - 7 - n - 10. Calculate g(-4).
13
Let p(m) be the first derivative of m**3/3 + 163*m**2/2 - 326*m + 5671. Calculate p(2).
4
Let p(b) be the first derivative of b**3/3 - 9*b**2 + 78*b + 10019. What is p(7)?
1
Let w(t) = -76*t**2 - 30*t + 8. Let z(n) = 35*n**2 + 15*n - 4. Let d(l) = 6*w(l) + 13*z(l). Determine d(9).
50
Suppose 0 = -5*r - 3*h + 10, -2*h = 2*h. Let b(a) be the second derivative of -a**4/12 - a**3/6 + a**2 - 56*a - 2. Calculate b(r).
-4
Let b(d) = d**2 - 6*d + 4. Let z(s) = s**3 - 8*s**2 + 10*s + 5. Let p be z(11). Let g = 483 - p. Give b(g).
-1
Let f(w) = w**2 - 58*w - 3. Let k be f(24). Let g = k - -819. Let z(h) = h**3 - h**2 + h + 7. Give z(g).
7
Let w(v) be the third derivative of -89*v**4/24 + v**3/6 + 5*v**2 - 7*v - 13. Determine w(1).
-88
Let v(w) be the first derivative of w**4/4 - 2*w**3 + 3*w**2 - 3*w + 2. Suppose 3*k - 6*k = 2*d - 6, k = -2*d - 2. Suppose 0 = k*b + 2 - 22. Calculate v(b).
2
Let b(v) be the second derivative of 4*v**3/3 + 44*v**2 + 461*v + 2. Determine b(-10).
8
Let u be 1/(-1)*4/((-4)/11). Let h(p) = u + 11 + 6 - 9 - p. Calculate h(10).
9
Let t(f) = -20*f - 4. Let i(c) = -27*c - 10. Let y(g) = -3*i(g) + 4*t(g). What is y(-12)?
2
Suppose -v + 6 = -0*v. Let f(c) = c + 2. Let i(n) be the second derivative of 7*n**3/6 + 5*n**2/2 - n + 40. Let w(q) = 5*f(q) - i(q). Give w(v).
-7
Let v be (-37)/(-4) - (-3)/4. Let i(g) = v - 4 - 3*g - g + 2*g + 3*g. Give i(-3).
3
Let y(r) = r - 14. Let u(p) be the second derivative of -2*p + 8*p**2 + 0 - 1/6*p**3. Let i be u(6). Calculate y(i).
-4
Let s(y) = -y**3 - 11*y**2 - 22*y - 639. Let g be s(-13). Let m(p) = p**3 + 13*p**2 - 30*p + 3. What is m(g)?
3
Let k(s) = 19*s - 35 - 9 - 39. Let w be k(4). Let o(t) = 